 13697
List the prime factors of 4697955323.
167, 1951, 14419
List the prime factors of 1583085060.
2, 3, 5, 29, 31, 1087
What are the prime factors of 37400952?
2, 3, 17, 29, 109
What are the prime factors of 506917485?
3, 5, 101, 111533
What are the prime factors of 149624421?
3, 2381, 20947
What are the prime factors of 3718873?
29, 128237
What are the prime factors of 4330640234?
2, 2165320117
What are the prime factors of 35482732?
2, 8870683
List the prime factors of 161762464.
2, 29, 31, 5623
List the prime factors of 17802223.
53, 383, 877
List the prime factors of 449934857.
449934857
What are the prime factors of 661020056?
2, 82627507
List the prime factors of 1550306677.
359, 4318403
What are the prime factors of 1325805144?
2, 3, 55241881
What are the prime factors of 537535705?
5, 7, 15358163
What are the prime factors of 48006207?
3, 61, 87443
List the prime factors of 2245478944.
2, 71, 359, 2753
What are the prime factors of 148648990?
2, 5, 7, 2123557
List the prime factors of 56113481.
17, 443, 7451
What are the prime factors of 996105574?
2, 23, 229, 94561
List the prime factors of 293054778.
2, 3, 16280821
List the prime factors of 3963109950.
2, 3, 5, 71, 173, 239
List the prime factors of 99457441.
99457441
List the prime factors of 611467055.
5, 122293411
What are the prime factors of 631071932?
2, 1021, 154523
List the prime factors of 980273364.
2, 3, 7, 11669921
List the prime factors of 251605771.
19, 43, 223, 1381
List the prime factors of 86477033.
23, 3759871
List the prime factors of 2127388790.
2, 5, 212738879
What are the prime factors of 4794832586?
2, 23, 137, 760843
List the prime factors of 319238718.
2, 3, 257, 207029
List the prime factors of 654833470.
2, 5, 65483347
What are the prime factors of 920273051?
599, 1536349
List the prime factors of 535819350.
2, 3, 5, 11, 127, 2557
List the prime factors of 159331569.
3, 1987, 26729
What are the prime factors of 96441019?
1039, 92821
What are the prime factors of 1105167135?
3, 5, 23, 439, 7297
What are the prime factors of 158110069?
13, 419, 29027
What are the prime factors of 618227980?
2, 5, 30911399
What are the prime factors of 297479928?
2, 3, 41, 302317
What are the prime factors of 1841926926?
2, 3, 7, 223, 196661
List the prime factors of 1398657653.
5077, 275489
What are the prime factors of 944381707?
139, 6794113
What are the prime factors of 24361450?
2, 5, 29, 53, 317
What are the prime factors of 478663984?
2, 29916499
What are the prime factors of 880879268?
2, 220219817
What are the prime factors of 6675453213?
3, 11, 13, 15560497
List the prime factors of 101560054.
2, 19, 2672633
List the prime factors of 50810079.
3, 4003, 4231
What are the prime factors of 2346147?
3, 73, 3571
What are the prime factors of 70924908?
2, 3, 1459, 4051
What are the prime factors of 26865071?
37, 61, 11903
What are the prime factors of 29356598?
2, 14678299
What are the prime factors of 224810897?
199, 331, 3413
List the prime factors of 53514026.
2, 5119, 5227
List the prime factors of 147216539.
257, 572827
List the prime factors of 43941892.
2, 349, 31477
What are the prime factors of 25696398?
2, 3, 7, 13, 19, 2477
List the prime factors of 41153617.
17, 2420801
List the prime factors of 62307958.
2, 17, 1327, 1381
What are the prime factors of 79010382?
2, 3, 11, 23, 31, 73
List the prime factors of 1115668496.
2, 163, 427787
List the prime factors of 653440207.
7, 93348601
List the prime factors of 545253919.
7, 11127631
List the prime factors of 12411140.
2, 5, 7, 88651
List the prime factors of 168162585.
3, 5, 11210839
List the prime factors of 4809817911.
3, 1603272637
What are the prime factors of 262910384?
2, 11, 103, 14503
List the prime factors of 4192539458.
2, 131, 16002059
What are the prime factors of 9589662?
2, 3, 29, 18371
List the prime factors of 3239864443.
109, 5101, 5827
What are the prime factors of 3063209303?
7, 11, 29, 71, 139
List the prime factors of 124351253.
13, 9565481
What are the prime factors of 148024667?
7, 47, 233, 1931
What are the prime factors of 9783941?
31, 10181
List the prime factors of 1008525398.
2, 12049, 41851
What are the prime factors of 834384043?
834384043
What are the prime factors of 807894581?
13, 62145737
What are the prime factors of 409843452?
2, 3, 19, 313, 5743
What are the prime factors of 4320899211?
3, 67, 1721, 12491
What are the prime factors of 194150507?
37, 5247311
What are the prime factors of 1500633414?
2, 3, 7, 19, 53, 11827
What are the prime factors of 705172254?
2, 3, 4657, 25237
List the prime factors of 768049011.
3, 85338779
List the prime factors of 62496114.
2, 3, 17, 43, 14249
What are the prime factors of 3617589066?
2, 3, 7, 13, 6625621
What are the prime factors of 1465204302?
2, 3, 9044471
What are the prime factors of 5185834611?
3, 41, 3319, 12703
What are the prime factors of 46682716?
2, 11670679
What are the prime factors of 1254139001?
587, 1259, 1697
List the prime factors of 1656083280.
2, 3, 5, 29, 277, 859
List the prime factors of 203562679.
1489, 136711
List the prime factors of 707636934.
2, 3, 17, 2312539
What are the prime factors of 47597572?
2, 11, 1081763
What are the prime factors of 25826787?
3, 7, 109, 3761
List the prime factors of 734078846.
2, 2707, 135589
List the prime factors of 3697942583.
19, 8093, 24049
List the prime factors of 2618527774.
2, 1309263887
List the prime factors of 2407576409.
7, 343939487
List the prime factors of 18938378.
2, 313, 30253
List the prime factors of 27321098.
2, 7, 131, 14897
List the prime factors of 73830462.
2, 3, 29, 424313
List the prime factors of 39303678.
2, 3, 193, 33941
What are the prime factors of 47456524?
2, 11864131
List the prime factors of 1137409160.
2, 5, 19, 571, 2621
What are the prime factors of 53464029?
3, 23, 113, 6857
List the prime factors of 65986331.
7331, 9001
List the prime factors of 2617812589.
7, 373973227
List the prime factors of 978914127.
3, 1129, 289021
List the prime factors of 922327551.
3, 102480839
What are the prime factors of 1125770636?
2, 103, 113, 24181
List the prime factors of 716188800.
2, 3, 5, 61, 1223
List the prime factors of 15922618.
2, 599, 13291
What are the prime factors of 994635358?
2, 1847, 269257
List the prime factors of 78016706.
2, 17, 43, 73
List the prime factors of 68594684.
2, 17148671
What are the prime factors of 52770632?
2, 43, 179, 857
List the prime factors of 102491574.
2, 3, 167, 233, 439
List the prime factors of 329837560.
2, 5, 13, 89, 7127
List the prime factors of 1727317133.
1727317133
What are the prime factors of 1833901797?
3, 7, 13, 29, 43, 5387
What are the prime factors of 128437620?
2, 3, 5, 2140627
List the prime factors of 1935579303.
3, 7, 30723481
List the prime factors of 177445653.
3, 7, 11, 69833
List the prime factors of 273005978.
2, 7, 109, 178903
What are the prime factors of 122310892?
2, 11, 2779793
List the prime factors of 624531211.
29, 173, 281, 443
List the prime factors of 679658484.
2, 3, 449, 126143
What are the prime factors of 93128145?
3, 5, 11, 223, 2531
What are the prime factors of 2110302840?
2, 3, 5, 17585857
List the prime factors of 1812496793.
17573, 103141
List the prime factors of 41716017.
3, 7, 227, 2917
What are the prime factors of 2581434018?
2, 3, 143413001
What are the prime factors of 99662639?
1171, 85109
List the prime factors of 574426494.
2, 3, 71, 449473
List the prime factors of 287350941.
3, 487, 196681
List the prime factors of 70651566.
2, 3, 3925087
List the prime factors of 13667624.
2, 1708453
What are the prime factors of 26705734?
2, 11, 1213897
List the prime factors of 2354537591.
7, 449, 749137
List the prime factors of 2976767696.
2, 7, 19, 709, 1973
What are the prime factors of 684400281?
3, 97, 2351891
What are the prime factors of 94623866?
2, 317, 149249
List the prime factors of 646611297.
3, 37, 73, 199, 401
What are the prime factors of 9496293?
3, 557, 5683
What are the prime factors of 36242099?
36242099
List the prime factors of 413343507.
3, 1013, 136013
List the prime factors of 1025179007.
1025179007
List the prime factors of 1585114068.
2, 3, 17, 7770167
List the prime factors of 13525609.
37, 365557
List the prime factors of 294643999.
1